4218501
What is 8a7f (base 16) in base 8?
105177
Convert -3141310 (base 6) to base 7.
-1205550
What is 515293 (base 14) in base 11?
1602a35
Convert -1430124211 (base 5) to base 4.
-32110232303
Convert -d8e07 (base 15) to base 10.
-688282
Convert -3999205 (base 12) to base 11.
-6486a14
30415 (base 10) to base 12
15727
-cd76 (base 16) to base 6
-1043302
302113131 (base 5) to base 16
126bfb
2233010100 (base 4) to base 15
e26ec
What is -1011001101100 (base 3) in base 11?
-38820a
Convert 12121112 (base 3) to base 12.
244b
Convert 5584c0 (base 13) to base 9.
3714654
What is 4913635 (base 10) in base 2?
10010101111100111100011
Convert -101203032122 (base 4) to base 12.
-165a562
-24040013 (base 5) to base 4
-312001022
What is -1011110001100111000 (base 2) in base 8?
-1361470
What is -321619 (base 14) in base 10?
-1694247
2a0a83 (base 14) to base 10
1461883
What is -c387 (base 14) in base 3?
-1201010202
-7680517 (base 9) to base 15
-567d7a
Convert -157753 (base 10) to base 12.
-77361
Convert 282411 (base 11) to base 3.
211110211202
102233132113 (base 4) to base 2
10010101111011110010111
Convert 1584746 (base 12) to base 13.
bb2729
Convert 30222213 (base 4) to base 6.
1040103
101020210001 (base 3) to base 11
12865a
Convert -2032000320 (base 4) to base 16.
-8e038
Convert 2425411 (base 8) to base 2.
10100010101100001001
-106102 (base 9) to base 2
-1111100000010010
3000108 (base 9) to base 4
12011100230
Convert 47b1d (base 15) to base 10.
228628
14131224 (base 5) to base 7
1145054
-21523442 (base 7) to base 14
-363d59
What is 4a08a9 (base 16) in base 4?
102200202221
Convert -31432330 (base 5) to base 16.
-40a0b
-465452 (base 7) to base 11
-57884
Convert 44af (base 16) to base 14.
659d
What is 3461332 (base 8) in base 11?
594390
Convert -102210201220 (base 3) to base 10.
-232359
Convert 7223b (base 12) to base 11.
a19a3
-49156b7 (base 12) to base 4
-312032022223
-15acb (base 15) to base 14
-1b6bb
What is -34346365 (base 7) in base 5?
-1232103002
What is 183103 (base 12) in base 10?
420051
-11111001000010000 (base 2) to base 7
-1040506
Convert -10101011001000010111 (base 2) to base 4.
-2223020113
-308708 (base 13) to base 9
-2115625
What is -459371 (base 12) in base 10?
-1115077
-1538773 (base 12) to base 14
-8019c3
-124431033 (base 5) to base 14
-12351b
-1021730 (base 9) to base 2
-10000101010001011110
-97ced (base 15) to base 12
-1b3051
-2220110210001 (base 3) to base 13
-421078
-23bb033 (base 13) to base 8
-52273125
What is 119236 (base 10) in base 16?
1d1c4
Convert -110100011011011010 (base 2) to base 13.
-7698c
1001010001101100011 (base 2) to base 3
120102222012
Convert 3433324111 (base 5) to base 6.
433202133
What is 12013124 (base 5) in base 16?
1af4e
Convert -56c02 (base 14) to base 2.
-110011011111010010
Convert 2510463 (base 11) to base 13.
b9a1c4
Convert 100110010010110010 (base 2) to base 7.
1222201
-110001 (base 11) to base 9
-287004
-1111000000000101011101 (base 2) to base 5
-2001320014
Convert 10522507 (base 9) to base 4.
103123131112
What is 32121502 (base 6) in base 10?
943886
372703 (base 9) to base 12
aa326
Convert 111110011011001011 (base 2) to base 13.
8c4c7
Convert -145190 (base 11) to base 7.
-1632215
What is 7c3c07 (base 14) in base 7?
51002610
What is 6543410 (base 10) in base 16?
63d832
Convert -22112220220 (base 3) to base 6.
-3335210
Convert -20130300113 (base 4) to base 3.
-11011112022122
-3516518 (base 10) to base 2
-1101011010100001100110
What is -2212111 (base 6) in base 11?
-76138
-344258 (base 9) to base 7
-1520051
What is -3b318 (base 13) in base 6?
-2211002
Convert 132202213 (base 4) to base 10.
125095
Convert 1724123 (base 8) to base 10.
501843
66827 (base 16) to base 12
182b9b
Convert -5b0c6 (base 13) to base 5.
-20322014
13c349 (base 16) to base 6
43432105
What is 1c0cc6 (base 13) in base 16?
aedb7
What is -4364d (base 16) in base 7?
-2226540
What is -112201011101 (base 3) in base 11?
-188590
20113112 (base 6) to base 2
10001011000100100100
2370323 (base 10) to base 14
459b6b
Convert 461952 (base 11) to base 10.
734527
-f83a06 (base 16) to base 11
-9201253
702357 (base 13) to base 2
1001111011101111111000
b98bd (base 14) to base 2
1101101100111101111
What is 11111111111001001010 (base 2) in base 5?
232020023
Convert -10110122101221 (base 3) to base 14.
-35da19
Convert 159919 (base 10) to base 4.
213002233
Convert -186612 (base 9) to base 7.
-663245
Convert -1111001100000101100 (base 2) to base 9.
-837648
Convert -2332100 (base 6) to base 9.
-203870
-173074 (base 8) to base 6
-1203500
10121212200210 (base 3) to base 16
1d657d
1c85d3b (base 14) to base 8
66447401
b0233b (base 13) to base 3
21200202021220
-45152413 (base 6) to base 2
-101001101111100111001
2789218 (base 10) to base 9
5221071
Convert -134203324 (base 5) to base 16.
-a97c6
What is 541dc4 (base 14) in base 3?
12100201001200
Convert -57ea7 (base 16) to base 2.
-1010111111010100111
Convert 1403846 (base 9) to base 12.
311a96
What is -10032000 (base 4) in base 5?
-1023110
Convert -631922 (base 10) to base 15.
-c7382
What is -210677 (base 12) in base 9?
-871371
1067456 (base 13) to base 10
5014301
Convert -ab74d (base 16) to base 3.
-1022200100120
1011011130 (base 4) to base 14
751a4
-17d240 (base 14) to base 11
-526283
What is c5ab5 (base 16) in base 9?
1463564
Convert 10011000111011 (base 2) to base 13.
45bb
11c28d (base 14) to base 9
1128287
What is 1a6654 (base 14) in base 9?
1682018
What is 37558 (base 12) in base 6?
1335352
What is -1001011001010010110 (base 2) in base 9?
-518268
What is -2543243 (base 9) in base 8?
-5224407
-340321305 (base 6) to base 4
-113211332021
-1032302310 (base 4) to base 2
-1001110110010110100
110111111000100101110 (base 2) to base 13
4c1678
-20563454 (base 9) to base 4
-211301300011
Convert 62457 (base 15) to base 11.
1a3026
What is -1121212100120 (base 3) in base 6?
-30301110
Convert 1449471 (base 12) to base 3.
21200022100111
What is -3538232 (base 9) in base 10?
-1915274
Convert 13134a2 (base 14) to base 12.
30b275a
What is -15aa78 (base 11) in base 16?
-3cc1d
1100101000100110111000 (base 2) to base 11
1962440
Convert 757650 (base 10) to base 3.
1102111022010
Convert -9a33c (base 13) to base 12.
-115961
Convert 10100101001110001001000 (base 2) to base 11.
3068652
Convert 112638 (base 9) to base 3.
10102201022
What is 1020201211201 (base 3) in base 10?
664003
Convert 4177cb (base 14) to base 3.
11011022012022
What is -2271076 (base 10) in base 15?
-2ecda1
12335345 (base 7) to base 14
2117cc
-19d9113 (base 14) to base 10
-12894269
1220012212202 (base 3) to base 11
629462
Convert -2734967 (base 11) to base 5.
-2202032023
Convert 105550551 (base 7) to base 3.
110010122212110
What is 1202011122112 (base 3) in base 11?
584652
-220542 (base 9) to base 6
-2453315
-1010011101111100110 (base 2) to base 14
-8d010
-213666020 (base 7) to base 11
-7269468
11111110001000001 (base 2) to base 13
472b9
Convert 12142 (base 10) to base 8.
27556
1003627 (base 13) to base 4
102130102033
Convert 47355a (base 13) to base 2.
110011101001111000010
6278770 (base 10) to base 9
12728761
What is 652 (base 9) in base 4?
20111
What is -2ca59 (base 14) in base 9?
-180321
What is -1242350 (base 6) in base 10?
-67962
What is -102102011202 (base 3) in base 11?
-143877
Convert 10111000100001011100001 (base 2) to base 15.
7e6808
-3011055 (base 7) to base 14
-938d5
What is -7a571 (base 11) in base 6?
-2255132
What is 101110111010011100101 (base 2) in base 4?
11313103211
Convert 2358743 (base 10) to base 16.
23fdd7
Convert 205532 (base 11) to base 16.
506b5
Convert 103002114 (base 5) to base 10.
437784
Convert 15736aa (base 11) to base 10.
2684142
7512c8 (base 13) to base 7
32220422
Convert 32608 (base 13) to base 15.
1bed4
What is -5767272 (base 8) in base 14?
-2cb838
Convert -431735 (base 8) to base 4.
-203033131
-2ab23f (base 16) to base 10
-2798143
What is -2537037 (base 10) in base 13?
-6aaa09
What is e47 (base 15) in base 8?
6221
Convert -1181310 (base 13) to base 8.
-24554073
-35020 (base 11) to base 16
-c5a8
Convert -1538785 (base 9) to base 5.
-204242340
Convert -458661 (base 14) to base 10.
-2366589
What is -38413b (base 13) in base 2?
-101001001111011001110
57024052 (base 8) to base 11
6a62556
What is -6c54c3 (base 13) in base 12?
-a46486
-1303342 (ba